{"id":109,"date":"2023-02-08T21:00:17","date_gmt":"2023-02-08T21:00:17","guid":{"rendered":"https:\/\/quelletroupe.be\/?page_id=109"},"modified":"2025-07-20T10:25:44","modified_gmt":"2025-07-20T10:25:44","slug":"spectacles","status":"publish","type":"page","link":"https:\/\/quelletroupe.be\/index.php\/spectacles\/","title":{"rendered":"Spectacles"},"content":{"rendered":"\t\t<div data-elementor-type=\"wp-page\" data-elementor-id=\"109\" class=\"elementor elementor-109\">\n\t\t\t\t\t\t<section class=\"elementor-section elementor-top-section elementor-element elementor-element-4c6f711f elementor-section-boxed elementor-section-height-default elementor-section-height-default\" data-id=\"4c6f711f\" data-element_type=\"section\">\n\t\t\t\t\t\t<div class=\"elementor-container elementor-column-gap-default\">\n\t\t\t\t\t<div class=\"elementor-column elementor-col-100 elementor-top-column elementor-element elementor-element-3cf04010\" data-id=\"3cf04010\" data-element_type=\"column\">\n\t\t\t<div class=\"elementor-widget-wrap elementor-element-populated\">\n\t\t\t\t\t\t<section class=\"elementor-section elementor-inner-section elementor-element elementor-element-50e7430 elementor-section-boxed elementor-section-height-default elementor-section-height-default\" data-id=\"50e7430\" data-element_type=\"section\">\n\t\t\t\t\t\t<div class=\"elementor-container elementor-column-gap-default\">\n\t\t\t\t\t<div class=\"elementor-column elementor-col-50 elementor-inner-column elementor-element elementor-element-97068cc\" data-id=\"97068cc\" data-element_type=\"column\">\n\t\t\t<div class=\"elementor-widget-wrap elementor-element-populated\">\n\t\t\t\t\t\t<div class=\"elementor-element elementor-element-9744207 elementor-widget elementor-widget-heading\" data-id=\"9744207\" data-element_type=\"widget\" data-widget_type=\"heading.default\">\n\t\t\t\t<div class=\"elementor-widget-container\">\n\t\t\t\t\t<h2 class=\"elementor-heading-title elementor-size-default\">\"Vive la colocation\"<\/h2>\t\t\t\t<\/div>\n\t\t\t\t<\/div>\n\t\t\t\t<div class=\"elementor-element elementor-element-402afe4 elementor-widget elementor-widget-text-editor\" data-id=\"402afe4\" data-element_type=\"widget\" data-widget_type=\"text-editor.default\">\n\t\t\t\t<div class=\"elementor-widget-container\">\n\t\t\t\t\t\t\t\t\t<p>d\u2019apr\u00e8s la com\u00e9die de Daniel Levallois<\/p>\n<p>Pour des raisons \u00e9conomiques, cinq amies occupent le m\u00eame appartement. Les dissensions sont nombreuses quant \u00e0 l&rsquo;organisation des t\u00e2ches m\u00e9nag\u00e8res, des fr\u00e9quentations de certaines et \u00e0 l&rsquo;augmentation du loyer et des charges. La perte d&#8217;emploi de certaines ou le ras-le-bol professionnel d&rsquo;autres aggravent encore leur situation. A la suite d&rsquo;une rencontre rat\u00e9e de l&rsquo;une d&rsquo;entre elles avec un riche banquier malsain, gr\u00e2ce \u00e0 un site en ligne, elles projettent de le kidnapper pour obtenir la combinaison du coffre de sa banque en vue d&rsquo;un braquage, mais \u00e9videmment, rien ne se passe comme pr\u00e9vu&#8230;.<\/p>\n<p><strong>Repr\u00e9sentations pass\u00e9s :<\/strong><\/p>\n<p>le dimanche 13 avril 2024 \u00e0 20h<\/p>\n<p>dans le cadre du festival des Arts en Amateur de Braine-l&rsquo;Alleud<br>au Centre Culturel de Braine-l\u2019Alleud&nbsp;<\/p>\n<p>le dimanche 17 novembre 2023<\/p>\n<p>dans le cadre du&nbsp;<br>\u00e0 l&rsquo;Acad\u00e9mie de Musique de Braine-l&rsquo;Alleud<\/p>\t\t\t\t\t\t\t\t<\/div>\n\t\t\t\t<\/div>\n\t\t\t\t\t<\/div>\n\t\t<\/div>\n\t\t\t\t<div class=\"elementor-column elementor-col-50 elementor-inner-column elementor-element elementor-element-06b7711\" data-id=\"06b7711\" data-element_type=\"column\">\n\t\t\t<div class=\"elementor-widget-wrap elementor-element-populated\">\n\t\t\t\t\t\t<div class=\"elementor-element elementor-element-303a8be elementor-widget elementor-widget-image\" data-id=\"303a8be\" data-element_type=\"widget\" data-widget_type=\"image.default\">\n\t\t\t\t<div class=\"elementor-widget-container\">\n\t\t\t\t\t\t\t\t\t\t\t\t\t\t\t<img fetchpriority=\"high\" decoding=\"async\" width=\"791\" height=\"1024\" src=\"https:\/\/quelletroupe.be\/wp-content\/uploads\/2024\/10\/d11131b2-3d50-48c0-ab21-fd14cb63b100-791x1024.jpg\" class=\"attachment-large size-large wp-image-335\" alt=\"Vive la colocation\" srcset=\"https:\/\/quelletroupe.be\/wp-content\/uploads\/2024\/10\/d11131b2-3d50-48c0-ab21-fd14cb63b100-791x1024.jpg 791w, https:\/\/quelletroupe.be\/wp-content\/uploads\/2024\/10\/d11131b2-3d50-48c0-ab21-fd14cb63b100-232x300.jpg 232w, https:\/\/quelletroupe.be\/wp-content\/uploads\/2024\/10\/d11131b2-3d50-48c0-ab21-fd14cb63b100-768x994.jpg 768w, https:\/\/quelletroupe.be\/wp-content\/uploads\/2024\/10\/d11131b2-3d50-48c0-ab21-fd14cb63b100-1186x1536.jpg 1186w, https:\/\/quelletroupe.be\/wp-content\/uploads\/2024\/10\/d11131b2-3d50-48c0-ab21-fd14cb63b100-1140x1476.jpg 1140w, https:\/\/quelletroupe.be\/wp-content\/uploads\/2024\/10\/d11131b2-3d50-48c0-ab21-fd14cb63b100.jpg 1235w\" sizes=\"(max-width: 791px) 100vw, 791px\" \/>\t\t\t\t\t\t\t\t\t\t\t\t\t\t\t<\/div>\n\t\t\t\t<\/div>\n\t\t\t\t\t<\/div>\n\t\t<\/div>\n\t\t\t\t\t<\/div>\n\t\t<\/section>\n\t\t\t\t\t<\/div>\n\t\t<\/div>\n\t\t\t\t\t<\/div>\n\t\t<\/section>\n\t\t\t\t<section class=\"elementor-section elementor-top-section elementor-element elementor-element-1371060a elementor-section-boxed elementor-section-height-default elementor-section-height-default\" data-id=\"1371060a\" data-element_type=\"section\">\n\t\t\t\t\t\t<div class=\"elementor-container elementor-column-gap-default\">\n\t\t\t\t\t<div class=\"elementor-column elementor-col-100 elementor-top-column elementor-element elementor-element-3e253db3\" data-id=\"3e253db3\" data-element_type=\"column\">\n\t\t\t<div class=\"elementor-widget-wrap elementor-element-populated\">\n\t\t\t\t\t\t<section class=\"elementor-section elementor-inner-section elementor-element elementor-element-3d726492 elementor-section-boxed elementor-section-height-default elementor-section-height-default\" data-id=\"3d726492\" data-element_type=\"section\">\n\t\t\t\t\t\t<div class=\"elementor-container elementor-column-gap-default\">\n\t\t\t\t\t<div class=\"elementor-column elementor-col-50 elementor-inner-column elementor-element elementor-element-5deab4d1\" data-id=\"5deab4d1\" data-element_type=\"column\">\n\t\t\t<div class=\"elementor-widget-wrap elementor-element-populated\">\n\t\t\t\t\t\t<div class=\"elementor-element elementor-element-19daac7 elementor-widget elementor-widget-image\" data-id=\"19daac7\" data-element_type=\"widget\" data-widget_type=\"image.default\">\n\t\t\t\t<div class=\"elementor-widget-container\">\n\t\t\t\t\t\t\t\t\t\t\t\t\t\t\t<img decoding=\"async\" width=\"724\" height=\"1024\" src=\"https:\/\/quelletroupe.be\/wp-content\/uploads\/2024\/03\/Et-Dieu-oublia-le-Prince-charmant-affiche-BONNE-724x1024.png\" class=\"attachment-large size-large wp-image-306\" alt=\"\" srcset=\"https:\/\/quelletroupe.be\/wp-content\/uploads\/2024\/03\/Et-Dieu-oublia-le-Prince-charmant-affiche-BONNE-724x1024.png 724w, https:\/\/quelletroupe.be\/wp-content\/uploads\/2024\/03\/Et-Dieu-oublia-le-Prince-charmant-affiche-BONNE-212x300.png 212w, https:\/\/quelletroupe.be\/wp-content\/uploads\/2024\/03\/Et-Dieu-oublia-le-Prince-charmant-affiche-BONNE-768x1086.png 768w, https:\/\/quelletroupe.be\/wp-content\/uploads\/2024\/03\/Et-Dieu-oublia-le-Prince-charmant-affiche-BONNE-1086x1536.png 1086w, https:\/\/quelletroupe.be\/wp-content\/uploads\/2024\/03\/Et-Dieu-oublia-le-Prince-charmant-affiche-BONNE-1448x2048.png 1448w, https:\/\/quelletroupe.be\/wp-content\/uploads\/2024\/03\/Et-Dieu-oublia-le-Prince-charmant-affiche-BONNE-1140x1613.png 1140w, https:\/\/quelletroupe.be\/wp-content\/uploads\/2024\/03\/Et-Dieu-oublia-le-Prince-charmant-affiche-BONNE.png 1587w\" sizes=\"(max-width: 724px) 100vw, 724px\" \/>\t\t\t\t\t\t\t\t\t\t\t\t\t\t\t<\/div>\n\t\t\t\t<\/div>\n\t\t\t\t<div class=\"elementor-element elementor-element-57dfbf23 elementor-widget elementor-widget-spacer\" data-id=\"57dfbf23\" data-element_type=\"widget\" data-widget_type=\"spacer.default\">\n\t\t\t\t<div class=\"elementor-widget-container\">\n\t\t\t\t\t\t\t<div class=\"elementor-spacer\">\n\t\t\t<div class=\"elementor-spacer-inner\"><\/div>\n\t\t<\/div>\n\t\t\t\t\t\t<\/div>\n\t\t\t\t<\/div>\n\t\t\t\t\t<\/div>\n\t\t<\/div>\n\t\t\t\t<div class=\"elementor-column elementor-col-50 elementor-inner-column elementor-element elementor-element-4131c6ce\" data-id=\"4131c6ce\" data-element_type=\"column\">\n\t\t\t<div class=\"elementor-widget-wrap elementor-element-populated\">\n\t\t\t\t\t\t<div class=\"elementor-element elementor-element-51685009 elementor-widget elementor-widget-heading\" data-id=\"51685009\" data-element_type=\"widget\" data-widget_type=\"heading.default\">\n\t\t\t\t<div class=\"elementor-widget-container\">\n\t\t\t\t\t<h2 class=\"elementor-heading-title elementor-size-default\">\"Et Dieu oublia le Prince Charmant\"<\/h2>\t\t\t\t<\/div>\n\t\t\t\t<\/div>\n\t\t\t\t<div class=\"elementor-element elementor-element-7cb0906c elementor-widget elementor-widget-text-editor\" data-id=\"7cb0906c\" data-element_type=\"widget\" data-widget_type=\"text-editor.default\">\n\t\t\t\t<div class=\"elementor-widget-container\">\n\t\t\t\t\t\t\t\t\t<h3><span style=\"color: #7a7a7a; font-family: Roboto, sans-serif; font-size: 15px; letter-spacing: 0px;\">Quatre actes o\u00f9 se croisent et interagissent des personnages embl\u00e9matiques de la Bible et des contes de f\u00e9es, entre parodie et r\u00e9flexion sur les relations homme-femme.<\/span><\/h3><p>La pagaille et l\u2019incompr\u00e9hension r\u00e8gnent et\u00a0les couples mod\u00e8les s\u2019effondrent.\u00a0Et si c\u2019\u00e9tait \u00e0 cause du prince charmant?\u00a0 Et s\u2019il suffisait de m\u00e9langer les histoires pour tenter d\u2019en recoller les morceaux ?<\/p><p>Entre parodie de contes de f\u00e9es et r\u00e9flexion sur les relations homme-femme, un d\u00e9lire sarcastico-comique jou\u00e9 par 7 com\u00e9dien\u00b7nes.<\/p><p><strong>Repr\u00e9sentations pass\u00e9s :<\/strong><\/p><ul><li>vendredi 31 mars 2023 \u00e0 20h<\/li><li>samedi 1er avril 2023 \u00e0 20h<\/li><li>dimanche 2 avril 2023 15h.<\/li><\/ul><p>Maison de Tous,\u00a0 Braine-l\u2019Alleud.\u00a0<\/p><ul><li>dimanche 15 octobre 2023 \u00e0 17h<\/li><\/ul><p>Acad\u00e9mie de Musique, Braine l\u2019Alleud<\/p>\t\t\t\t\t\t\t\t<\/div>\n\t\t\t\t<\/div>\n\t\t\t\t\t<\/div>\n\t\t<\/div>\n\t\t\t\t\t<\/div>\n\t\t<\/section>\n\t\t\t\t\t<\/div>\n\t\t<\/div>\n\t\t\t\t\t<\/div>\n\t\t<\/section>\n\t\t\t\t<section class=\"elementor-section elementor-top-section elementor-element elementor-element-5f8ba12 elementor-section-boxed elementor-section-height-default elementor-section-height-default\" data-id=\"5f8ba12\" data-element_type=\"section\">\n\t\t\t\t\t\t<div class=\"elementor-container elementor-column-gap-default\">\n\t\t\t\t\t<div class=\"elementor-column elementor-col-100 elementor-top-column elementor-element elementor-element-ba775e4\" data-id=\"ba775e4\" data-element_type=\"column\">\n\t\t\t<div class=\"elementor-widget-wrap elementor-element-populated\">\n\t\t\t\t\t\t<section class=\"elementor-section elementor-inner-section elementor-element elementor-element-eda5581 elementor-section-boxed elementor-section-height-default elementor-section-height-default\" data-id=\"eda5581\" data-element_type=\"section\">\n\t\t\t\t\t\t<div class=\"elementor-container elementor-column-gap-default\">\n\t\t\t\t\t<div class=\"elementor-column elementor-col-50 elementor-inner-column elementor-element elementor-element-bfb497d\" data-id=\"bfb497d\" data-element_type=\"column\">\n\t\t\t<div class=\"elementor-widget-wrap elementor-element-populated\">\n\t\t\t\t\t\t<div class=\"elementor-element elementor-element-4850e23 elementor-widget elementor-widget-image\" data-id=\"4850e23\" data-element_type=\"widget\" data-widget_type=\"image.default\">\n\t\t\t\t<div class=\"elementor-widget-container\">\n\t\t\t\t\t\t\t\t\t\t\t\t\t\t\t<img decoding=\"async\" width=\"724\" height=\"1024\" src=\"https:\/\/quelletroupe.be\/wp-content\/uploads\/2023\/02\/Pigeon-vole-fevrier-2022-affiche-min-724x1024.png\" class=\"attachment-large size-large wp-image-142\" alt=\"\" srcset=\"https:\/\/quelletroupe.be\/wp-content\/uploads\/2023\/02\/Pigeon-vole-fevrier-2022-affiche-min-724x1024.png 724w, https:\/\/quelletroupe.be\/wp-content\/uploads\/2023\/02\/Pigeon-vole-fevrier-2022-affiche-min-212x300.png 212w, https:\/\/quelletroupe.be\/wp-content\/uploads\/2023\/02\/Pigeon-vole-fevrier-2022-affiche-min-768x1086.png 768w, https:\/\/quelletroupe.be\/wp-content\/uploads\/2023\/02\/Pigeon-vole-fevrier-2022-affiche-min-1086x1536.png 1086w, https:\/\/quelletroupe.be\/wp-content\/uploads\/2023\/02\/Pigeon-vole-fevrier-2022-affiche-min-1140x1612.png 1140w, https:\/\/quelletroupe.be\/wp-content\/uploads\/2023\/02\/Pigeon-vole-fevrier-2022-affiche-min.png 1414w\" sizes=\"(max-width: 724px) 100vw, 724px\" \/>\t\t\t\t\t\t\t\t\t\t\t\t\t\t\t<\/div>\n\t\t\t\t<\/div>\n\t\t\t\t<div class=\"elementor-element elementor-element-19dfadd elementor-widget elementor-widget-spacer\" data-id=\"19dfadd\" data-element_type=\"widget\" data-widget_type=\"spacer.default\">\n\t\t\t\t<div class=\"elementor-widget-container\">\n\t\t\t\t\t\t\t<div class=\"elementor-spacer\">\n\t\t\t<div class=\"elementor-spacer-inner\"><\/div>\n\t\t<\/div>\n\t\t\t\t\t\t<\/div>\n\t\t\t\t<\/div>\n\t\t\t\t\t<\/div>\n\t\t<\/div>\n\t\t\t\t<div class=\"elementor-column elementor-col-50 elementor-inner-column elementor-element elementor-element-bb127fd\" data-id=\"bb127fd\" data-element_type=\"column\">\n\t\t\t<div class=\"elementor-widget-wrap elementor-element-populated\">\n\t\t\t\t\t\t<div class=\"elementor-element elementor-element-442327c elementor-widget elementor-widget-heading\" data-id=\"442327c\" data-element_type=\"widget\" data-widget_type=\"heading.default\">\n\t\t\t\t<div class=\"elementor-widget-container\">\n\t\t\t\t\t<h2 class=\"elementor-heading-title elementor-size-default\">Pigeon vole<\/h2>\t\t\t\t<\/div>\n\t\t\t\t<\/div>\n\t\t\t\t<div class=\"elementor-element elementor-element-5c92db4 elementor-widget elementor-widget-text-editor\" data-id=\"5c92db4\" data-element_type=\"widget\" data-widget_type=\"text-editor.default\">\n\t\t\t\t<div class=\"elementor-widget-container\">\n\t\t\t\t\t\t\t\t\t<p class=\"font_8\">Seul \u00e9l\u00e9ment de d\u00e9cor, un banc dans un square est le seul t\u00e9moin de confrontations incroyables de plusieurs femmes : m\u00e8re de famille, jeune fille d\u00e9lur\u00e9e ou grand-m\u00e8re inqui\u00e9tante, elles lib\u00e8rent au fil de leur conversation, toutes leurs frustrations, leurs espoirs \u00e9vanouis. Elles disent des horreurs et pourtant finissent par attendrir, \u00e9mouvoir.<\/p><p class=\"font_8\">Dans cette com\u00e9die\u00a0Pigeon Vole, Georges Berdot a manifestement \u00e9cout\u00e9 les femmes qui l\u2019entourent, a observ\u00e9 ces \u00a0\u00bb dr\u00f4les d\u2019animaux \u00a0\u00bb sangl\u00e9s dans leur statut estampill\u00e9 par les hommes : \u00e9pouse mod\u00e8le, ma\u00eetresse voluptueuse, m\u00e8re irr\u00e9prochable ou grand-m\u00e8re g\u00e2teau.<br \/>Ces noy\u00e9es de l\u2019amour se raccrochent \u00e0 des bou\u00e9es crev\u00e9es par des becs de pigeons imaginaires.<br \/>Elles parlent, parlent et nous font beaucoup rire \u2026 avec un dr\u00f4le de pincement au c\u0153ur.<\/p><p class=\"font_8\"><span class=\"color_25\"><strong>Avec par ordre alphab\u00e9tique<\/strong> :\u00a0<\/span><br \/>Marielle De Beer, Fiona Discart, Roxane Elis, Annie Gille, Josette-Marie Houben, Muriel L\u00e9g\u00e9 et Patricia Van Royen<span class=\"wixGuard\">\u200b<\/span><span class=\"wixGuard\">\u200b<\/span><\/p><p class=\"font_8\"><span class=\"color_25\"><strong>Dates et lieu<\/strong><br \/>Maison pour tous \u00e0 Braine-l&rsquo;Alleud<\/span><\/p><ul><li class=\"font_8\"><span class=\"color_25\">samedi 12 f\u00e9vrier \u00e0 20 h<\/span><\/li><li class=\"font_8\"><span class=\"color_25\">dimanche 13 f\u00e9vrier \u00e0 15 h<\/span><\/li><\/ul><p>Festival Place aux Artistes- Braine-l\u2019Alleud<\/p><ul><li>25 juillet<\/li><li>8 ao\u00fbt 2021<\/li><\/ul>\t\t\t\t\t\t\t\t<\/div>\n\t\t\t\t<\/div>\n\t\t\t\t\t<\/div>\n\t\t<\/div>\n\t\t\t\t\t<\/div>\n\t\t<\/section>\n\t\t\t\t<section class=\"elementor-section elementor-inner-section elementor-element elementor-element-4bfd42a elementor-section-boxed elementor-section-height-default elementor-section-height-default\" data-id=\"4bfd42a\" data-element_type=\"section\">\n\t\t\t\t\t\t<div class=\"elementor-container elementor-column-gap-default\">\n\t\t\t\t\t<div class=\"elementor-column elementor-col-50 elementor-inner-column elementor-element elementor-element-d89de59\" data-id=\"d89de59\" data-element_type=\"column\">\n\t\t\t<div class=\"elementor-widget-wrap elementor-element-populated\">\n\t\t\t\t\t\t<div class=\"elementor-element elementor-element-acd4787 elementor-widget elementor-widget-heading\" data-id=\"acd4787\" data-element_type=\"widget\" data-widget_type=\"heading.default\">\n\t\t\t\t<div class=\"elementor-widget-container\">\n\t\t\t\t\t<h2 class=\"elementor-heading-title elementor-size-default\">Le Journal d'une femme de chambre<\/h2>\t\t\t\t<\/div>\n\t\t\t\t<\/div>\n\t\t\t\t<div class=\"elementor-element elementor-element-64cbb22 elementor-drop-cap-yes elementor-drop-cap-view-default elementor-widget elementor-widget-text-editor\" data-id=\"64cbb22\" data-element_type=\"widget\" data-settings=\"{&quot;drop_cap&quot;:&quot;yes&quot;}\" data-widget_type=\"text-editor.default\">\n\t\t\t\t<div class=\"elementor-widget-container\">\n\t\t\t\t\t\t\t\t\t<p class=\"font_8\"><span class=\"color_25\">P\u00e9n\u00e9trons avec C\u00e9lestine au c\u0153ur des turpitudes de <\/span><span class=\"color_25\">la bourgeoisie rancie de la Belle \u00e9poque. Insolente et sensuelle, elle fouine dans leur linge sale et \u00e9tale avec une lucidit\u00e9 impitoyable les bassesses mesquines et l\u2019hypocrite respectabilit\u00e9 de ce \u00ab beau monde \u00bb .<br \/>\u00ab Ah ! dans les cabinets de toilette, comme les masques tombent !\u2026 Comme s\u2019effritent et se l\u00e9zardent les fa\u00e7ades <\/span><span class=\"color_25\">les plus orgueilleuses !\u2026 \u00bb<br \/><br \/>D&rsquo;apr\u00e8s le roman d&rsquo;Octave Mirbeau, adaptation th\u00e9\u00e2trale <\/span><span class=\"color_25\">de Jacques Destoop dans une mise en sc\u00e8ne de Fr\u00e9deric Kusiak<\/span><\/p><p class=\"font_8\"><span class=\"color_25\"><strong>Avec par ordre alphab\u00e9tique :\u00a0<\/strong><br \/>Annie Gille, B\u00e9atrice Theunissen, Diane de Croix, <\/span><span class=\"color_25\">Fabienne Zeegers, Josette-Marie Houben, Laetitia Sardo, Marielle De Beer, \u00a0Muriel L\u00e9g\u00e9, Patricia Van Royen,\u00a0<\/span><span class=\"color_25\">V\u00e9ronique Theunissen, Xavier Theunissen<\/span>\u00a0<\/p><p><strong>Dates et lieu<br \/><\/strong>Caroubier &#8211; Braine-l\u2019Alleud<br \/>Ferme de Holleken &#8211; Linkebeek\u00a0<\/p><ul><li>18 et 19 janvier 2020<\/li><li>8 et 9 f\u00e9vrier 2020<\/li><\/ul>\t\t\t\t\t\t\t\t<\/div>\n\t\t\t\t<\/div>\n\t\t\t\t\t<\/div>\n\t\t<\/div>\n\t\t\t\t<div class=\"elementor-column elementor-col-50 elementor-inner-column elementor-element elementor-element-5847892\" data-id=\"5847892\" data-element_type=\"column\">\n\t\t\t<div class=\"elementor-widget-wrap elementor-element-populated\">\n\t\t\t\t\t\t<div class=\"elementor-element elementor-element-6392b2b elementor-widget elementor-widget-image\" data-id=\"6392b2b\" data-element_type=\"widget\" data-widget_type=\"image.default\">\n\t\t\t\t<div class=\"elementor-widget-container\">\n\t\t\t\t\t\t\t\t\t\t\t\t\t\t\t<img loading=\"lazy\" decoding=\"async\" width=\"724\" height=\"1024\" src=\"https:\/\/quelletroupe.be\/wp-content\/uploads\/2023\/02\/Affiche-Femme-de-chambre-min-724x1024.jpg\" class=\"attachment-large size-large wp-image-143\" alt=\"\" srcset=\"https:\/\/quelletroupe.be\/wp-content\/uploads\/2023\/02\/Affiche-Femme-de-chambre-min-724x1024.jpg 724w, https:\/\/quelletroupe.be\/wp-content\/uploads\/2023\/02\/Affiche-Femme-de-chambre-min-212x300.jpg 212w, https:\/\/quelletroupe.be\/wp-content\/uploads\/2023\/02\/Affiche-Femme-de-chambre-min-768x1086.jpg 768w, https:\/\/quelletroupe.be\/wp-content\/uploads\/2023\/02\/Affiche-Femme-de-chambre-min-1086x1536.jpg 1086w, https:\/\/quelletroupe.be\/wp-content\/uploads\/2023\/02\/Affiche-Femme-de-chambre-min-1448x2048.jpg 1448w, https:\/\/quelletroupe.be\/wp-content\/uploads\/2023\/02\/Affiche-Femme-de-chambre-min-1140x1612.jpg 1140w, https:\/\/quelletroupe.be\/wp-content\/uploads\/2023\/02\/Affiche-Femme-de-chambre-min-scaled.jpg 1810w\" sizes=\"(max-width: 724px) 100vw, 724px\" \/>\t\t\t\t\t\t\t\t\t\t\t\t\t\t\t<\/div>\n\t\t\t\t<\/div>\n\t\t\t\t\t<\/div>\n\t\t<\/div>\n\t\t\t\t\t<\/div>\n\t\t<\/section>\n\t\t\t\t\t<\/div>\n\t\t<\/div>\n\t\t\t\t\t<\/div>\n\t\t<\/section>\n\t\t\t\t<\/div>\n\t\t","protected":false},"excerpt":{"rendered":"<p>\u00ab\u00a0Vive la colocation\u00a0\u00bb d\u2019apr\u00e8s la com\u00e9die de Daniel Levallois Pour des raisons \u00e9conomiques, cinq amies occupent le m\u00eame appartement. Les dissensions sont nombreuses quant \u00e0 l&rsquo;organisation des t\u00e2ches m\u00e9nag\u00e8res, des fr\u00e9quentations de certaines et \u00e0 l&rsquo;augmentation du loyer et des charges. La perte d&#8217;emploi de certaines ou le ras-le-bol professionnel d&rsquo;autres aggravent encore leur situation. A la suite d&rsquo;une rencontre rat\u00e9e de l&rsquo;une d&rsquo;entre elles avec un riche banquier malsain, gr\u00e2ce \u00e0 un site en ligne, elles projettent de le kidnapper pour obtenir la combinaison du coffre de sa banque en vue d&rsquo;un braquage, mais \u00e9videmment, rien ne se passe comme pr\u00e9vu&#8230;. Repr\u00e9sentations pass\u00e9s : le dimanche 13 avril 2024 \u00e0 20h dans le cadre du festival des Arts en Amateur de Braine-l&rsquo;Alleudau Centre Culturel de Braine-l\u2019Alleud&nbsp; le dimanche 17 novembre 2023 dans le cadre du&nbsp;\u00e0 l&rsquo;Acad\u00e9mie de Musique de Braine-l&rsquo;Alleud \u00ab\u00a0Et Dieu oublia le Prince Charmant\u00a0\u00bb Quatre actes o\u00f9 se croisent et interagissent des personnages embl\u00e9matiques de la Bible et des contes de f\u00e9es, entre parodie et r\u00e9flexion sur les relations homme-femme. La pagaille et l\u2019incompr\u00e9hension r\u00e8gnent et\u00a0les couples mod\u00e8les s\u2019effondrent.\u00a0Et si c\u2019\u00e9tait \u00e0 cause du prince charmant?\u00a0 Et s\u2019il suffisait de m\u00e9langer les histoires pour tenter d\u2019en recoller les morceaux ? Entre parodie de contes de f\u00e9es et r\u00e9flexion sur les relations homme-femme, un d\u00e9lire sarcastico-comique jou\u00e9 par 7 com\u00e9dien\u00b7nes. Repr\u00e9sentations pass\u00e9s : vendredi 31 mars 2023 \u00e0 20h samedi 1er avril 2023 \u00e0 20h dimanche 2 avril 2023 15h. Maison de Tous,\u00a0 Braine-l\u2019Alleud.\u00a0 dimanche 15 octobre 2023 \u00e0 17h Acad\u00e9mie de Musique, Braine l\u2019Alleud Pigeon vole Seul \u00e9l\u00e9ment de d\u00e9cor, un banc dans un square est le seul t\u00e9moin de confrontations incroyables de plusieurs femmes : m\u00e8re de famille, jeune fille d\u00e9lur\u00e9e ou grand-m\u00e8re inqui\u00e9tante, elles lib\u00e8rent au fil de leur conversation, toutes leurs frustrations, leurs espoirs \u00e9vanouis. Elles disent des horreurs et pourtant finissent par attendrir, \u00e9mouvoir. Dans cette com\u00e9die\u00a0Pigeon Vole, Georges Berdot a manifestement \u00e9cout\u00e9 les femmes qui l\u2019entourent, a observ\u00e9 ces \u00a0\u00bb dr\u00f4les d\u2019animaux \u00a0\u00bb sangl\u00e9s dans leur statut estampill\u00e9 par les hommes : \u00e9pouse mod\u00e8le, ma\u00eetresse voluptueuse, m\u00e8re irr\u00e9prochable ou grand-m\u00e8re g\u00e2teau.Ces noy\u00e9es de l\u2019amour se raccrochent \u00e0 des bou\u00e9es crev\u00e9es par des becs de pigeons imaginaires.Elles parlent, parlent et nous font beaucoup rire \u2026 avec un dr\u00f4le de pincement au c\u0153ur. Avec par ordre alphab\u00e9tique :\u00a0Marielle De Beer, Fiona Discart, Roxane Elis, Annie Gille, Josette-Marie Houben, Muriel L\u00e9g\u00e9 et Patricia Van Royen\u200b\u200b Dates et lieuMaison pour tous \u00e0 Braine-l&rsquo;Alleud samedi 12 f\u00e9vrier \u00e0 20 h dimanche 13 f\u00e9vrier \u00e0 15 h Festival Place aux Artistes- Braine-l\u2019Alleud 25 juillet 8 ao\u00fbt 2021 Le Journal d&rsquo;une femme de chambre P\u00e9n\u00e9trons avec C\u00e9lestine au c\u0153ur des turpitudes de la bourgeoisie rancie de la Belle \u00e9poque. Insolente et sensuelle, elle fouine dans leur linge sale et \u00e9tale avec une lucidit\u00e9 impitoyable les bassesses mesquines et l\u2019hypocrite respectabilit\u00e9 de ce \u00ab beau monde \u00bb .\u00ab Ah ! dans les cabinets de toilette, comme les masques tombent !\u2026 Comme s\u2019effritent et se l\u00e9zardent les fa\u00e7ades les plus orgueilleuses !\u2026 \u00bb D&rsquo;apr\u00e8s le roman d&rsquo;Octave Mirbeau, adaptation th\u00e9\u00e2trale de Jacques Destoop dans une mise en sc\u00e8ne de Fr\u00e9deric Kusiak Avec par ordre alphab\u00e9tique :\u00a0Annie Gille, B\u00e9atrice Theunissen, Diane de Croix, Fabienne Zeegers, Josette-Marie Houben, Laetitia Sardo, Marielle De Beer, \u00a0Muriel L\u00e9g\u00e9, Patricia Van Royen,\u00a0V\u00e9ronique Theunissen, Xavier Theunissen\u00a0 Dates et lieuCaroubier &#8211; Braine-l\u2019AlleudFerme de Holleken &#8211; Linkebeek\u00a0 18 et 19 janvier 2020 8 et 9 f\u00e9vrier 2020<\/p>\n","protected":false},"author":1,"featured_media":0,"parent":0,"menu_order":0,"comment_status":"closed","ping_status":"closed","template":"","meta":{"footnotes":""},"_links":{"self":[{"href":"https:\/\/quelletroupe.be\/index.php\/wp-json\/wp\/v2\/pages\/109"}],"collection":[{"href":"https:\/\/quelletroupe.be\/index.php\/wp-json\/wp\/v2\/pages"}],"about":[{"href":"https:\/\/quelletroupe.be\/index.php\/wp-json\/wp\/v2\/types\/page"}],"author":[{"embeddable":true,"href":"https:\/\/quelletroupe.be\/index.php\/wp-json\/wp\/v2\/users\/1"}],"replies":[{"embeddable":true,"href":"https:\/\/quelletroupe.be\/index.php\/wp-json\/wp\/v2\/comments?post=109"}],"version-history":[{"count":16,"href":"https:\/\/quelletroupe.be\/index.php\/wp-json\/wp\/v2\/pages\/109\/revisions"}],"predecessor-version":[{"id":423,"href":"https:\/\/quelletroupe.be\/index.php\/wp-json\/wp\/v2\/pages\/109\/revisions\/423"}],"wp:attachment":[{"href":"https:\/\/quelletroupe.be\/index.php\/wp-json\/wp\/v2\/media?parent=109"}],"curies":[{"name":"wp","href":"https:\/\/api.w.org\/{rel}","templated":true}]}}